= -5 + 2. Let q = k - -17. What is the highest common divisor of 126 and q?
14
Let v be (-32)/(-18) + (-4)/(-18). Suppose r + 44 = v*r. Calculate the greatest common divisor of 11 and r.
11
Let t(k) = k**3 - 11*k**2 - 18*k - 5. Suppose -2*s = 5*p + s - 74, 2*p - 4*s = 14. Let n be t(p). Calculate the highest common factor of 9 and n.
9
Let s be (-2)/7 - (-46)/14. Suppose 0 = 5*j + s*g - 4 - 7, 0 = -3*j + g + 1. What is the greatest common divisor of j and 8?
1
Let z = -1 + 8. Let a(j) = -j - 6. Let l be a(-6). Let o be 28/5*(l + 5). Calculate the highest common factor of z and o.
7
Let f(r) = r**3 - r**2 - r + 12. Let g be f(0). What is the greatest common factor of g and 48?
12
Let w(k) = 0*k + 6 - 4 - 3*k + 4*k. Let h be w(5). Calculate the greatest common factor of h and 7.
7
Let b(l) = -53*l. Let t be b(-1). Suppose 5*k + t + 47 = 0. Let g be k/(-3*(-2)/(-9)). What is the greatest common divisor of g and 12?
6
Let x be 56 + (0 - 6/(-2)). Let h = x + -25. Suppose 141 = 5*k - h. What is the highest common divisor of 5 and k?
5
Let o = 5 + 3. Let a be o/10 + 306/30. Calculate the highest common factor of 44 and a.
11
Let z = 4 + 0. Let n be z/10 + 24/15. Suppose -n*t = -t - 9. Calculate the greatest common divisor of 9 and t.
9
Let z be (30/(-4))/((-12)/24). Let k be (-2 + 11/3)*36. What is the greatest common divisor of k and z?
15
Suppose 4*g = 42 - 2. Let y = -356 + 608. Let v = y - 162. What is the highest common factor of g and v?
10
Suppose 8*j - 3*j + 4*m = 1383, 815 = 3*j - 5*m. Calculate the greatest common factor of j and 25.
25
Suppose -3*a + 16 + 32 = 0. Let n(u) = -u**3 - 2*u**2 - 2*u - 5. Let t be n(-5). What is the highest common factor of a and t?
16
Suppose 0 = 6*t - 33 - 399. Calculate the highest common divisor of t and 36.
36
Suppose -55 = -6*l + 53. Calculate the greatest common factor of l and 2.
2
Suppose 3*p + 880 = 8*p. What is the highest common factor of 22 and p?
22
Let q = -4 + 4. Suppose 12 = 4*z - q*z. Calculate the highest common divisor of 3 and z.
3
Let f(x) = x**2 + 25*x - 26. Let l be f(-27). What is the highest common factor of l and 28?
28
Let b = 7 + 9. Calculate the highest common factor of b and 32.
16
Let g(v) = -17*v + 1. Let a = 3 + -1. Let f = 1 - a. Let c be g(f). Calculate the highest common factor of 126 and c.
18
Suppose -r + 38 = -2*j, j - 19 = -2*r + 37. Let i = -1 - -71. Suppose q = -f + 76, 5*f = -q + 2*q - i. What is the highest common divisor of q and r?
15
Let g(k) = k**3 + 9*k**2 + 2*k. Let w be (6/5)/(2/(-10)). Let x be g(w). Calculate the highest common divisor of 12 and x.
12
Let t(x) = 13*x - 1. Let l be t(1). Suppose -48 = -3*k + 60. Calculate the highest common divisor of k and l.
12
Suppose -o + 10 = 4*g, 5 = -4*o - 3. Let h be 26/(-1 + g) + 2. Suppose 3*i + 0*i = 450. Calculate the highest common divisor of h and i.
15
Let t = 0 + 18. What is the highest common divisor of 9 and t?
9
Let t(d) = -d - 5. Let g be t(4). Let p = 25 + -14. Let c = g + p. What is the highest common divisor of 4 and c?
2
Suppose -d - 64 = -5*d. What is the highest common divisor of 4 and d?
4
Let j(i) = -9*i - 2*i + 4 + 5*i. Let d be j(-2). Calculate the highest common divisor of d and 176.
16
Let l(b) = -44*b**3 + b**2. Let k be l(-1). What is the greatest common factor of k and 315?
45
Suppose 2*t - 35 = -3*g + 7*t, -t = 5*g - 21. Suppose g*u - u - 384 = 0. What is the greatest common factor of 12 and u?
12
Let u(v) = v**2 + 7*v - 9. Let r be u(10). Calculate the greatest common factor of 23 and r.
23
Suppose 0 = -5*v + 334 - 94. What is the highest common factor of 16 and v?
16
Let h be 1*45/6*4/3. Calculate the greatest common factor of h and 15.
5
Suppose -45 = -17*z + 14*z. What is the highest common factor of z and 45?
15
Let k(n) = 8*n**3 - n**2 - 2*n + 9. Let t be k(3). What is the highest common factor of t and 42?
42
Suppose -2*x + 2*r = -46, -2*x = -0*r + r - 40. Suppose 5*i = 2*l + 4 + 21, 2*i - 11 = l. Calculate the greatest common factor of i and x.
3
Let d = 3 - -8. Calculate the highest common factor of 55 and d.
11
Let d be 16/12*(-9)/6. Let g = 13 - d. Calculate the greatest common factor of g and 135.
15
Suppose -y + 33 = -3*d, 2*y - 3*d = -2*y + 132. Calculate the highest common factor of y and 3.
3
Suppose 0 = -3*r + 4*r. Suppose r = 4*i - 1 - 11. Calculate the greatest common factor of i and 15.
3
Suppose 0 = 5*l - 20, -9 - 11 = -2*p + 2*l. Let h be (-4)/6*21*-1. What is the highest common divisor of h and p?
14
Suppose -104 = -3*v + 61. Suppose -4*h - c + 23 = 0, 3*h + 4*c = c + 24. Calculate the highest common divisor of v and h.
5
Let d(j) = 3*j**3 - j + 10. Let z be d(4). What is the greatest common factor of z and 18?
18
Suppose 2*t - 1376 = -0*t. Let z = t - 472. Let f = 58 + -34. Calculate the greatest common divisor of f and z.
24
Let l(q) = -q**2 - q + 34. Let m be l(0). Let c be (-5830)/(-77) - 4/(-14). Let z = c - 25. Calculate the highest common divisor of z and m.
17
Suppose 3*f - 29 = 67. Calculate the greatest common factor of 4 and f.
4
Suppose -c + 5 = 0, -2*a + 5*c - 8 = -3. Suppose -2*w + 29 = -31. What is the greatest common factor of w and a?
10
Let i(q) = -q**2 + 18*q + 19. Let a be i(16). Calculate the greatest common divisor of a and 17.
17
Suppose -4*q - 5*g = -320, -4*q - g = -2*q - 154. Calculate the greatest common factor of q and 30.
15
Let u be 755/10 - (-3)/6. Let q = 132 - u. Calculate the greatest common factor of 7 and q.
7
Suppose 111 = 2*c + 5*p, 0 = 5*c + 2*p + 2*p - 320. What is the greatest common divisor of c and 17?
17
Let r(h) = -h**3 + 9*h**2 + 2*h - 6. Let j be (-3)/(3/(-8)) + 1. Let c be r(j). Calculate the greatest common divisor of 36 and c.
12
Let z = -54 - -78. Let p = -287 + 479. Calculate the greatest common factor of p and z.
24
Let c = -42 + 61. What is the greatest common factor of 152 and c?
19
Let i(y) = -2*y**2 + 16*y - 5. Let s be i(7). Calculate the greatest common divisor of 18 and s.
9
Let h be (-44)/5*(-15)/6. Suppose h = a + 4. Calculate the greatest common factor of 2 and a.
2
Let u(z) = 4*z**2 + z - 2. Let t(k) = 5*k**2 + 2*k - 1. Let l(n) = -3*t(n) + 4*u(n). Let i be l(5). Calculate the highest common factor of 10 and i.
10
Suppose 5*x + 3*i - 232 = -6, 6 = -2*i. Calculate the greatest common divisor of x and 94.
47
Suppose -4*i = -5*i + 2. What is the greatest common factor of 18 and i?
2
Let b = -1 + 3. Suppose -b*m + 82 + 106 = 0. Suppose -3*s + 26 = -m. Calculate the highest common divisor of 8 and s.
8
Let h = -2 - -4. Suppose y + y - h = 0. Let r be -2 + 112/2*y. Calculate the greatest common divisor of 6 and r.
6
Suppose 3*b - 4 = -p + 1, 4*p + 22 = 2*b. Suppose 22*a = 13*a + 216. Calculate the highest common factor of b and a.
3
Let w = -83 - -155. What is the greatest common factor of 8 and w?
8
Let o be (-38)/(-8) - (-2)/8. Suppose x - 16 = -0*x - 4*f, -o*f = 5*x - 65. What is the highest common divisor of 96 and x?
12
Let w(u) = u**2 + 9*u + 4. Let v be w(-10). Suppose 3*b - 5*g - v + 2 = 0, 3*g - 20 = -5*b. What is the greatest common factor of 20 and b?
4
Suppose -u - z + 4 = 0, -34 = -5*u + 5*z - 4. Calculate the greatest common divisor of u and 20.
5
Let b be (-2)/(-2)*10/5. Suppose -b*j + 12 + 19 = -c, 82 = 5*j - 4*c. What is the greatest common factor of 7 and j?
7
Suppose 0 = 5*i - 1046 + 191. Let m = 60 + -41. What is the highest common divisor of i and m?
19
Suppose 4 = -2*m + 4*h, -4*m = 3*h - 18 + 4. Suppose -z - 84 = -5*x - 4*z, -82 = -5*x - 4*z. What is the highest common factor of m and x?
2
Let p be -1*-12*132/9. What is the highest common divisor of p and 11?
11
Suppose 0*g = 2*d + g - 27, 3*d + 4*g = 48. Let k(o) = -2*o - 2. Let x be k(-16). Calculate the highest common factor of d and x.
6
Let j = 112 - 63. Let p = j - 35. What is the highest common divisor of p and 112?
14
Suppose -2*s + 89 = 29. Calculate the greatest common divisor of s and 6.
6
Let w(i) = 7*i**3 - 1. Let h be w(-1). Let s = 125 - h. Calculate the highest common divisor of 19 and s.
19
Suppose 10*b - 11*b = -2. Suppose 2*v + p = -b*v + 213, 159 = 3*v + p. Calculate the greatest common divisor of 6 and v.
6
Suppose s + 15 = -3*k + 66, -5*k = s - 83. What is the highest common divisor of k and 2?
2
Let n(v) = 3*v +